n factor of 13851 and 171.
171
Calculate the highest common factor of 738 and 8.
2
Calculate the highest common factor of 814 and 962.
74
Calculate the greatest common factor of 378 and 2709.
63
Calculate the greatest common divisor of 23 and 49.
1
What is the greatest common factor of 392 and 744?
8
What is the greatest common factor of 36 and 396?
36
Calculate the highest common divisor of 22653 and 27.
27
What is the greatest common divisor of 1 and 103?
1
Calculate the greatest common factor of 174 and 8758.
58
What is the greatest common divisor of 48 and 147?
3
What is the greatest common divisor of 4873 and 88?
11
What is the greatest common divisor of 51 and 17?
17
What is the highest common factor of 875 and 21?
7
What is the highest common divisor of 50 and 20?
10
What is the highest common divisor of 84 and 25788?
84
What is the greatest common factor of 12 and 996?
12
What is the highest common factor of 63 and 855?
9
Calculate the highest common divisor of 140 and 80.
20
What is the greatest common factor of 18 and 81126?
18
What is the highest common divisor of 664 and 249?
83
What is the highest common divisor of 22 and 374?
22
What is the highest common divisor of 6083 and 77?
77
Calculate the highest common divisor of 406 and 1508.
58
What is the highest common divisor of 12 and 7320?
12
What is the greatest common factor of 13 and 5239?
13
What is the greatest common factor of 1833 and 9?
3
What is the highest common factor of 15 and 4190?
5
Calculate the highest common factor of 161 and 1081.
23
Calculate the highest common divisor of 395 and 79.
79
What is the highest common divisor of 333 and 1887?
111
Calculate the greatest common divisor of 12 and 6.
6
What is the highest common factor of 1166 and 110?
22
What is the highest common divisor of 18 and 126?
18
Calculate the highest common divisor of 6 and 1146.
6
Calculate the greatest common divisor of 168 and 3108.
84
Calculate the greatest common divisor of 18198 and 54.
54
What is the highest common divisor of 1008 and 720?
144
What is the highest common divisor of 20 and 4045?
5
What is the greatest common factor of 1247 and 87?
29
Calculate the highest common divisor of 18 and 30.
6
What is the greatest common divisor of 64 and 2?
2
Calculate the highest common divisor of 17 and 986.
17
Calculate the greatest common divisor of 1107 and 279.
9
Calculate the greatest common factor of 192 and 24.
24
What is the highest common factor of 9945 and 26?
13
What is the highest common divisor of 24435 and 135?
135
What is the greatest common divisor of 162 and 127494?
162
Calculate the greatest common factor of 7 and 12439.
7
What is the highest common divisor of 680 and 40?
40
Calculate the highest common divisor of 256 and 96.
32
Calculate the highest common divisor of 4554 and 297.
99
What is the greatest common factor of 24564 and 276?
276
Calculate the greatest common factor of 84 and 1554.
42
What is the greatest common divisor of 92 and 18446?
46
Calculate the highest common divisor of 855 and 95.
95
Calculate the greatest common divisor of 60 and 1290.
30
What is the highest common factor of 127 and 13589?
127
Calculate the greatest common factor of 65 and 9672.
13
Calculate the highest common divisor of 7 and 3199.
7
Calculate the highest common factor of 5076 and 470.
94
Calculate the highest common factor of 450 and 50.
50
Calculate the greatest common factor of 19 and 988.
19
What is the greatest common divisor of 256 and 6?
2
Calculate the greatest common divisor of 345 and 165.
15
What is the greatest common factor of 10512 and 73?
73
What is the highest common factor of 2772 and 264?
132
Calculate the highest common divisor of 1458 and 594.
54
Calculate the greatest common factor of 1056 and 33.
33
Calculate the greatest common divisor of 6 and 246.
6
Calculate the highest common divisor of 864 and 189.
27
What is the greatest common factor of 295 and 10?
5
What is the greatest common factor of 351 and 54?
27
What is the highest common divisor of 235 and 282?
47
What is the greatest common divisor of 333 and 37?
37
What is the highest common factor of 435 and 1035?
15
Calculate the highest common divisor of 4031 and 29.
29
What is the highest common factor of 49 and 7?
7
Calculate the highest common divisor of 40 and 120.
40
What is the greatest common divisor of 299 and 169?
13
What is the highest common divisor of 103 and 721?
103
Calculate the greatest common factor of 133 and 209.
19
What is the greatest common factor of 1160 and 280?
40
What is the greatest common divisor of 4183 and 94?
47
Calculate the greatest common divisor of 1682 and 116.
58
What is the highest common factor of 36 and 2178?
18
What is the highest common factor of 9 and 81?
9
What is the greatest common factor of 309 and 3?
3
Calculate the greatest common divisor of 680 and 2550.
170
Calculate the greatest common factor of 1269 and 47.
47
Calculate the highest common divisor of 42 and 210.
42
What is the greatest common divisor of 36 and 4?
4
Calculate the greatest common factor of 10 and 4.
2
Calculate the greatest common factor of 168 and 231.
21
What is the greatest common factor of 99 and 44?
11
What is the highest common factor of 8 and 2048?
8
Calculate the highest common divisor of 137 and 31921.
137
What is the greatest common divisor of 552 and 3336?
24
What is the greatest common divisor of 40 and 220?
20
Calculate the highest common divisor of 9 and 63.
9
What is the highest common divisor of 20 and 20?
20
What is the highest common divisor of 12 and 102228?
12
What is the greatest common divisor of 16 and 296?
8
Calculate the highest common factor of 989 and 23.
23
What is the highest common factor of 1275 and 51?
51
What is the highest common factor of 36 and 576?
36
Calculate the highest common divisor of 286 and 1078.
22
What is the highest common factor of 11 and 143?
11
Calculate the highest common divisor of 90 and 31275.
45
Calculate the greatest common divisor of 1309 and 77.
77
What is the greatest common divisor of 48 and 784?
16
Calculate the highest common divisor of 9 and 2799.
9
Calculate the highest common factor of 360 and 4392.
72
Calculate the highest common factor of 148 and 5772.
148
Calculate the greatest common divisor of 15 and 565.
5
Calculate the greatest common factor of 1334 and 145.
29
What is the highest common divisor of 60 and 50?
10
What is the highest common divisor of 2368 and 512?
64
Calculate the greatest common divisor of 338 and 2.
2
Calculate the highest common divisor of 208 and 1424.
16
Calculate the highest common factor of 39 and 975.
39
What is the highest common divisor of 34 and 170?
34
What is the greatest common divisor of 675 and 25?
25
Calculate the greatest common factor of 6428 and 12.
4
What is the greatest common divisor of 1605 and 45?
15
What is the highest common divisor of 216 and 558?
18
What is the highest common factor of 143 and 33?
11
What is the greatest common factor of 6129 and 135?
27
What is the greatest common divisor of 3599 and 244?
61
What is the greatest common factor of 28 and 1673?
7
What is the greatest common divisor of 18 and 1251?
9
Calculate the greatest common factor of 10 and 1570.
10
What is the highest common factor of 440 and 5?
5
What is the greatest common factor of 5611 and 31?
31
Calculate the highest common factor of 54 and 16.
2
Calculate the greatest common divisor of 22357 and 849.
283
What is the highest common factor of 360 and 940?
20
Calculate the greatest common divisor of 178 and 801.
89
Calculate the highest common factor of 44 and 220.
44
Calculate the greatest common factor of 150 and 60.
30
Calculate the greatest common factor of 2816 and 16.
16
What is the highest common divisor of 12 and 4572?
12
Calculate the greatest common divisor of 1431 and 729.
27
Calculate the highest common factor of 1702 and 111.
37
Calculate the greatest common factor of 135 and 20.
5
What is the highest common factor of 944 and 80?
16
What is the highest common factor of 22 and 55?
11
Calculate the highest common factor of 120 and 555.
15
Calculate the greatest common factor of 2520 and 112.
56
What is the highest common factor of 28 and 28?
28
What is the highest common divisor of 42 and 